6
Calculate the greatest common divisor of 13600 and 1270495.
85
Calculate the highest common factor of 655905 and 42529.
599
Calculate the highest common divisor of 218 and 28055401.
109
Calculate the highest common divisor of 165185800 and 60.
20
Calculate the highest common factor of 9295004 and 60424.
332
What is the highest common divisor of 33 and 26868?
3
What is the greatest common factor of 3771807 and 30498?
663
Calculate the greatest common factor of 53306870 and 23.
23
Calculate the greatest common divisor of 41689746 and 612.
306
Calculate the greatest common divisor of 5048 and 153160106.
1262
What is the highest common divisor of 1972 and 27806764?
68
What is the highest common factor of 2801 and 53866031?
2801
What is the highest common factor of 6230 and 208985?
35
What is the greatest common divisor of 168 and 16890072?
24
Calculate the greatest common divisor of 1178 and 541937.
19
Calculate the highest common divisor of 121643 and 361386.
1181
Calculate the greatest common factor of 139248272 and 57930.
3862
Calculate the greatest common divisor of 41860 and 556220.
140
What is the highest common factor of 2472009 and 11414?
439
Calculate the highest common divisor of 64 and 8586272.
32
Calculate the highest common factor of 13328 and 48175280.
272
What is the greatest common factor of 961 and 59402293?
961
What is the highest common factor of 3970888 and 1420?
284
What is the greatest common factor of 852 and 8984127?
213
Calculate the greatest common divisor of 205996584 and 17808.
1272
Calculate the greatest common factor of 1528425 and 164550.
75
What is the highest common factor of 2991 and 364285854?
2991
Calculate the highest common factor of 9559732 and 2054.
26
What is the highest common divisor of 26016 and 131977?
271
Calculate the highest common factor of 11361 and 24927.
21
What is the greatest common factor of 17525 and 2399700?
25
Calculate the highest common factor of 43 and 3363443.
1
What is the highest common factor of 639450 and 27?
9
Calculate the greatest common divisor of 265689 and 3313719.
477
Calculate the greatest common factor of 860283 and 63684.
549
What is the highest common divisor of 13925 and 130625?
25
What is the highest common divisor of 353907 and 62091?
9
Calculate the greatest common factor of 15715 and 11489910.
2245
Calculate the greatest common divisor of 117852975 and 275.
25
What is the greatest common divisor of 3663 and 30265038?
333
Calculate the highest common divisor of 76822584 and 24.
24
Calculate the highest common divisor of 2588 and 300788359.
647
What is the highest common divisor of 2204575 and 10279?
541
What is the highest common divisor of 14009 and 2864?
1
What is the greatest common divisor of 109084382 and 638?
22
What is the highest common divisor of 1133730007 and 92?
23
What is the highest common divisor of 46134172 and 168?
28
Calculate the highest common divisor of 187 and 40968169.
11
Calculate the highest common divisor of 23704 and 75848.
8
Calculate the highest common divisor of 3326248 and 328.
328
What is the greatest common divisor of 4505 and 16249535?
4505
Calculate the greatest common factor of 2734 and 2974665818.
2734
Calculate the greatest common factor of 31266 and 64178676.
10422
What is the highest common divisor of 2943016 and 24?
8
Calculate the highest common divisor of 43490876 and 364.
52
What is the highest common factor of 2686 and 700256?
158
What is the greatest common factor of 667734 and 47987?
1021
What is the greatest common divisor of 83517443 and 335?
67
Calculate the greatest common factor of 1024 and 208448.
64
What is the highest common factor of 17458 and 370531?
301
Calculate the highest common divisor of 7 and 103193755.
7
Calculate the greatest common divisor of 410935 and 1225.
35
What is the greatest common divisor of 2226 and 5737356?
318
Calculate the highest common factor of 1128 and 8735514.
282
Calculate the greatest common factor of 639726 and 66.
6
What is the greatest common divisor of 1049824 and 208396?
212
Calculate the greatest common factor of 16355865 and 5130.
285
What is the greatest common divisor of 1212 and 153470106?
606
Calculate the highest common divisor of 460 and 62708212.
92
What is the greatest common divisor of 1015488 and 3791680?
2624
What is the greatest common divisor of 76 and 625637605?
19
Calculate the greatest common factor of 5377 and 2609543.
283
Calculate the highest common factor of 258 and 28018671.
129
Calculate the greatest common divisor of 3686 and 19610393.
97
What is the highest common divisor of 93 and 3647150?
31
What is the greatest common divisor of 514486 and 742?
14
What is the greatest common divisor of 2008779 and 7932?
1983
What is the greatest common divisor of 382664 and 20?
4
What is the greatest common divisor of 13 and 782588833?
13
What is the greatest common factor of 17807325 and 55350?
3075
What is the greatest common factor of 67648 and 489391?
1057
Calculate the highest common factor of 2400 and 24820320.
480
Calculate the highest common divisor of 149 and 54120078.
149
What is the greatest common factor of 32123148 and 456?
228
Calculate the highest common factor of 13512 and 703187.
563
Calculate the highest common divisor of 45191920 and 400.
80
What is the greatest common divisor of 256208 and 190280?
536
Calculate the highest common factor of 1765000 and 1960.
40
Calculate the greatest common divisor of 2600 and 13239980.
260
What is the highest common divisor of 3280 and 10744460?
820
What is the greatest common divisor of 10 and 2769490?
10
What is the highest common divisor of 59292736 and 3536?
272
Calculate the highest common factor of 11957053 and 215.
43
Calculate the highest common factor of 1797937 and 204.
17
Calculate the greatest common divisor of 3038410 and 16115.
1465
What is the highest common divisor of 507150 and 592410?
1470
Calculate the greatest common factor of 75 and 164033475.
75
Calculate the greatest common divisor of 1628382 and 815424.
822
What is the greatest common factor of 30959 and 268837?
83
Calculate the highest common divisor of 2 and 2490762.
2
Calculate the greatest common divisor of 549723 and 4692.
69
Calculate the highest common factor of 12621847 and 148.
37
What is the greatest common factor of 83570265 and 810?
135
What is the greatest common divisor of 121712840 and 4584?
1528
What is the highest common factor of 32116 and 11998?
14
What is the highest common divisor of 103905 and 20880?
45
Calculate the highest common factor of 5448 and 265192296.
5448
Calculate the greatest common factor of 11289186 and 198.
18
What is the highest common divisor of 882 and 575036217?
441
What is the greatest common divisor of 57 and 122986734?
57
What is the highest common factor of 1230 and 1968790890?
1230
Calculate the highest common divisor of 25393 and 302821.
379
Calculate the highest common divisor of 873348 and 682983.
777
What is the highest common divisor of 2589 and 437724819?
2589
What is the highest common divisor of 31296 and 687360?
192
What is the greatest common factor of 1997814 and 14469?
273
What is the greatest common divisor of 998232 and 72?
24
Calculate the greatest common factor of 44688528 and 1296.
144
Calculate the highest common divisor of 3912 and 11748864.
24
What is the greatest common divisor of 12395424 and 48?
48
Calculate the greatest common factor of 91 and 2668289.
13
What is the greatest common divisor of 2780 and 35675184?
556
What is the greatest common divisor of 495050255 and 7778?
3889
Calculate the greatest common factor of 23199 and 7755.
33
Calculate the highest common divisor of 280282 and 4659986.
794
Calculate the greatest common divisor of 26333097 and 147.
21
What is the greatest common factor of 808126 and 2834?
218
What is the greatest common factor of 970 and 5650610?
10
Calculate the highest common divisor of 4222305 and 10384362.
8361
Calculate the greatest common divisor of 130544 and 3412850.
398
Calculate the highest common factor of 114990 and 17520.
30
What is the highest common factor of 4991509 and 46835?
551
What is the greatest common factor of 103324 and 4212?
52
What is the greatest common divisor of 12019 and 161427?
7
Calculate the greatest com